{"version":"1.0","type":"rich","provider_name":"Portal de Zoologia de Pernambuco","provider_url":"http:\/\/www.portal.zoo.bio.br","title":"Carcar\u00e1","author_name":"Clemente","width":"600","height":"400","url":"https:\/\/portal.zoo.bio.br\/media1844","html":"\u003Ch4 class='title'\u003E\u003Ca href='https:\/\/portal.zoo.bio.br\/media1844'\u003ECarcar\u00e1\u003C\/a\u003E\u003C\/h4\u003E\u003Cblockquote class='spip'\u003E\n\u003Cp\u003ECaracara plancus, nome cient\u00edfico para o Carcar\u00e1, que ficou famoso depois da m\u00fasica cantada por Bet\u00e2nia: \n\u003Cbr class='autobr' \/\u003E\nCarcar\u00e1, pega, mata e come\n\u003Cbr class='autobr' \/\u003E\n Carcar\u00e1 n\u00e3o vai morrer de fome\n\u003Cbr class='autobr' \/\u003E\n Carcar\u00e1, mais coragem do que home\n\u003Cbr class='autobr' \/\u003E\n Carcar\u00e1, pega, mata e come \n\u003Cbr class='autobr' \/\u003E\n\u00c9 uma ave de rapina, faconiforme, com quse 60 cm de altura e abertura das asas com mais de um metro, podendo chegar a 900 gramas. Apesar de ser uma ave de rapina, alimenta-se de quase tudo, sendo um on\u00edvoro. Pode ser visto predando pequenos lagartos, aves e sapos, ou atacando&nbsp;(...)\u003C\/p\u003E\n\u003C\/blockquote\u003E\n"}

Carcará

<h4 class='title'><a href='https://portal.zoo.bio.br/media1844'>Carcará</a></h4><blockquote class='spip'>
<p>Caracara plancus, nome científico para o Carcará, que ficou famoso depois da música cantada por Betânia: 
<br class='autobr' />
Carcará, pega, mata e come
<br class='autobr' />
 Carcará não vai morrer de fome
<br class='autobr' />
 Carcará, mais coragem do que home
<br class='autobr' />
 Carcará, pega, mata e come 
<br class='autobr' />
É uma ave de rapina, faconiforme, com quse 60 cm de altura e abertura das asas com mais de um metro, podendo chegar a 900 gramas. Apesar de ser uma ave de rapina, alimenta-se de quase tudo, sendo um onívoro. Pode ser visto predando pequenos lagartos, aves e sapos, ou atacando&nbsp;(...)</p>
</blockquote>
